 digit of 269082?
0
What is the hundreds digit of 1881457?
4
What is the units digit of 1668961?
1
What is the tens digit of 157768?
6
What is the ten thousands digit of 3516797?
1
What is the units digit of 868153?
3
What is the hundreds digit of 52069?
0
What is the tens digit of 40236?
3
What is the ten thousands digit of 23853724?
5
What is the ten thousands digit of 2553785?
5
What is the hundred thousands digit of 2271138?
2
What is the millions digit of 7432208?
7
What is the tens digit of 898680?
8
What is the hundreds digit of 2163643?
6
What is the hundred thousands digit of 11407815?
4
What is the ten thousands digit of 74994?
7
What is the hundreds digit of 1400557?
5
What is the tens digit of 90065?
6
What is the hundred thousands digit of 154509?
1
What is the ten thousands digit of 3216388?
1
What is the tens digit of 99292?
9
What is the hundreds digit of 268310?
3
What is the thousands digit of 1222618?
2
What is the units digit of 3288042?
2
What is the millions digit of 3209033?
3
What is the hundreds digit of 650804?
8
What is the hundreds digit of 73443?
4
What is the hundreds digit of 949859?
8
What is the tens digit of 340019?
1
What is the thousands digit of 2899916?
9
What is the hundreds digit of 6304743?
7
What is the thousands digit of 1560958?
0
What is the ten thousands digit of 51679?
5
What is the thousands digit of 6283115?
3
What is the units digit of 3870969?
9
What is the ten thousands digit of 267834?
6
What is the hundred thousands digit of 1791935?
7
What is the hundred thousands digit of 279062?
2
What is the hundred thousands digit of 570612?
5
What is the hundred thousands digit of 2702365?
7
What is the units digit of 2269708?
8
What is the hundreds digit of 81093?
0
What is the hundred thousands digit of 11930598?
9
What is the units digit of 110173?
3
What is the hundred thousands digit of 4187833?
1
What is the hundreds digit of 385789?
7
What is the hundreds digit of 507997?
9
What is the millions digit of 6996396?
6
What is the hundred thousands digit of 221100?
2
What is the hundreds digit of 712340?
3
What is the ten thousands digit of 103267?
0
What is the hundred thousands digit of 542312?
5
What is the hundred thousands digit of 150897?
1
What is the tens digit of 1183682?
8
What is the thousands digit of 494288?
4
What is the ten thousands digit of 1216441?
1
What is the units digit of 1812218?
8
What is the tens digit of 394298?
9
What is the thousands digit of 6591?
6
What is the thousands digit of 1757815?
7
What is the ten thousands digit of 25247710?
4
What is the hundreds digit of 521395?
3
What is the hundred thousands digit of 403949?
4
What is the hundred thousands digit of 354098?
3
What is the hundred thousands digit of 3094876?
0
What is the thousands digit of 876346?
6
What is the thousands digit of 1963565?
3
What is the units digit of 70163?
3
What is the hundred thousands digit of 1122671?
1
What is the thousands digit of 355401?
5
What is the hundreds digit of 315999?
9
What is the units digit of 138027?
7
What is the hundred thousands digit of 2198760?
1
What is the hundreds digit of 2691387?
3
What is the units digit of 642067?
7
What is the thousands digit of 12344773?
4
What is the units digit of 379538?
8
What is the tens digit of 11408374?
7
What is the ten thousands digit of 4092019?
9
What is the hundreds digit of 36899137?
1
What is the units digit of 30289?
9
What is the thousands digit of 772904?
2
What is the ten thousands digit of 4103209?
0
What is the hundreds digit of 272854?
8
What is the hundreds digit of 8106395?
3
What is the thousands digit of 851712?
1
What is the ten thousands digit of 19672797?
7
What is the tens digit of 246397?
9
What is the ten thousands digit of 160551?
6
What is the thousands digit of 2957?
2
What is the ten thousands digit of 1064442?
6
What is the ten thousands digit of 8006344?
0
What is the ten millions digit of 16981474?
1
What is the hundred thousands digit of 410360?
4
What is the hundreds digit of 69451?
4
What is the hundred thousands digit of 9880375?
8
What is the ten thousands digit of 442171?
4
What is the hundreds digit of 2060922?
9
What is the units digit of 6315030?
0
What is the ten thousands digit of 961464?
6
What is the hundred thousands digit of 276333?
2
What is the ten thousands digit of 606767?
0
What is the units digit of 19144?
4
What is the units digit of 396402?
2
What is the ten millions digit of 18396365?
1
What is the millions digit of 7012106?
7
What is the hundred thousands digit of 30539907?
5
What is the ten thousands digit of 100787?
0
What is the ten thousands digit of 2122519?
2
What is the units digit of 368542?
2
What is the tens digit of 66789?
8
What is the millions digit of 3320586?
3
What is the thousands digit of 480479?
0
What is the thousands digit of 30369582?
9
What is the ten thousands digit of 9426379?
2
What is the thousands digit of 268571?
8
What is the thousands digit of 4106053?
6
What is the hundreds digit of 352899?
8
What is the hundred thousands digit of 289617?
2
What is the units digit of 266779?
9
What is the hundreds digit of 9765?
7
What is the millions digit of 4449361?
4
What is the hundred thousands digit of 1680116?
6
What is the tens digit of 7214865?
6
What is the thousands digit of 23030?
3
What is the millions digit of 4971781?
4
What is the hundreds digit of 1279224?
2
What is the millions digit of 21712666?
1
What is the hundreds digit of 695600?
6
What is the thousands digit of 11576722?
6
What is the ten millions digit of 32860439?
3
What is the hundreds digit of 5515651?
6
What is the units digit of 331967?
7
What is the ten thousands digit of 53566?
5
What is the hundred thousands digit of 23465980?
4
What is the ten thousands digit of 629964?
2
What is the hundreds digit of 514490?
4
What is the millions digit of 2397121?
2
What is the units digit of 1354411?
1
What is the hundred thousands digit of 2644293?
6
What is the units digit of 26729315?
5
What is the millions digit of 15557946?
5
What is the units digit of 77421?
1
What is the thousands digit of 399223?
9
What is the hundred thousands digit of 177645?
1
What is the thousands digit of 3038010?
8
What is the units digit of 4098306?
6
What is the thousands digit of 129633?
9
What is the units digit of 15445239?
9
What is the hundreds digit of 1210859?
8
What is the ten thousands digit of 203564?
0
What is the thousands digit of 54496?
4
What is the ten thousands digit of 466074?
6
What is the tens digit of 6835927?
2
What is the hundreds digit of 3395548?
5
What is the units digit of 2787161?
1
What is the tens digit of 88823?
2
What is the units digit of 410694?
4
What is the tens digit of 8684035?
3
What is the hundreds digit of 200184?
1
What is the hundred thousands digit of 741887?
7
What is the thousands digit of 172434?
2
What is the units digit of 334560?
0
What is the thousands digit of 282263?
2
What is the ten thousands digit of 911290?
1
What is the ten thousands digit of 320642?
2
What is the units digit of 1299512?
2
What is the hundred thousands digit of 8267857?
2
What is the hundreds digit of 3526920?
9
What is the tens digit of 261304?
0
What is the tens digit of 1762827?
2
What is the thousands digit of 323221?
3
What is the hundreds digit of 233305?
3
What is the ten thousands digit of 7950675?
5
What is the hundred thousands digit of 11287097?
2
What is the thousands digit of 2493950?
3
What is the units digit of 743254?
4
What is the units digit of 1943652?
2
What is the hundred thousands digit of 6592904?
5
What is the hundred thousands digit of 478569?
4
What is the tens digit of 1833619?
1
What is the hundreds digit of 2775536?
5
What is the thousands digit of 3079520?
9
What is the ten thousands digit of 1680231?
8
What is the tens digit of 521098?
9
What is the ten thousands digit of 6021634?
2
What is the ten thousands digit of 3934186?
3
What is the units digit of 21690715?
5
What is the thousands digit of 9869051?
9
What is the units digit of 4126957?
7
What is the ten thousands digit of 3537901?
3
What is the tens digit of 2373321?
2
What is the ten thousands digit of 3278784?
7
What is the ten millions digit of 13172535?
1
What is the tens digit of 1016123